{"id":367,"date":"2020-10-01T22:23:31","date_gmt":"2020-10-01T22:23:31","guid":{"rendered":"https:\/\/www.iavceivolcano.org\/event\/multidisciplinary-international-volcanological-congress-to-commemorate-the-250th-anniversary-of-volcan-jorullos-birth-in-michoacan-mexico\/"},"modified":"2020-10-06T13:55:26","modified_gmt":"2020-10-06T13:55:26","slug":"multidisciplinary-international-volcanological-congress-to-commemorate-the-250th-anniversary-of-volcan-jorullos-birth-in-michoacan-mexico","status":"publish","type":"event","link":"https:\/\/www.iavceivolcano.org\/event\/multidisciplinary-international-volcanological-congress-to-commemorate-the-250th-anniversary-of-volcan-jorullos-birth-in-michoacan-mexico\/","title":{"rendered":"Multidisciplinary international volcanological congress to commemorate the 250th anniversary of Volc\u00e1n Jorullo&#8217;s birth in Michoac\u00e1n, M\u00e9xico"},"content":{"rendered":"","protected":false},"excerpt":{"rendered":"","protected":false},"author":2,"featured_media":0,"template":"","event_category":[2],"event_tag":[],"event_lang":[],"class_list":["post-367","event","type-event","status-publish","hentry","event_category-congresses"],"acf":[],"publishpress_future_workflow_manual_trigger":{"enabledWorkflows":[]},"_links":{"self":[{"href":"https:\/\/www.iavceivolcano.org\/api\/wp\/v2\/event\/367","targetHints":{"allow":["GET"]}}],"collection":[{"href":"https:\/\/www.iavceivolcano.org\/api\/wp\/v2\/event"}],"about":[{"href":"https:\/\/www.iavceivolcano.org\/api\/wp\/v2\/types\/event"}],"author":[{"embeddable":true,"href":"https:\/\/www.iavceivolcano.org\/api\/wp\/v2\/users\/2"}],"version-history":[{"count":0,"href":"https:\/\/www.iavceivolcano.org\/api\/wp\/v2\/event\/367\/revisions"}],"wp:attachment":[{"href":"https:\/\/www.iavceivolcano.org\/api\/wp\/v2\/media?parent=367"}],"wp:term":[{"taxonomy":"event_category","embeddable":true,"href":"https:\/\/www.iavceivolcano.org\/api\/wp\/v2\/event_category?post=367"},{"taxonomy":"event_tag","embeddable":true,"href":"https:\/\/www.iavceivolcano.org\/api\/wp\/v2\/event_tag?post=367"},{"taxonomy":"event_lang","embeddable":true,"href":"https:\/\/www.iavceivolcano.org\/api\/wp\/v2\/event_lang?post=367"}],"curies":[{"name":"wp","href":"https:\/\/api.w.org\/{rel}","templated":true}]}}

Multidisciplinary international volcanological congress to commemorate the 250th anniversary of Volcán Jorullo&#8217;s birth in Michoacán, México
